{"id":162,"date":"2024-05-20T02:33:19","date_gmt":"2024-05-20T00:33:19","guid":{"rendered":"https:\/\/cartesimjapon.com\/?page_id=162"},"modified":"2024-05-20T03:20:34","modified_gmt":"2024-05-20T01:20:34","slug":"comparaison-dutilisations-des-cartes-sim","status":"publish","type":"page","link":"https:\/\/cartesimjapon.com\/index.php\/comparaison-dutilisations-des-cartes-sim\/","title":{"rendered":"Exemples d&rsquo;utilisations des cartes SIM sur 30 jours"},"content":{"rendered":"\n<p><\/p>\n\n\n\n<p>Voici un tableau comparatif des cartes SIM avec des forfaits de 10 Go, 20 Go et 50 Go de donn\u00e9es, montrant ce que chaque quantit\u00e9 de donn\u00e9es permettrait en termes d&rsquo;utilisation typique :<\/p>\n\n\n\n<figure class=\"wp-block-table\"><table><thead><tr><th><strong>Utilisation<\/strong><\/th><th><strong>10 Go par mois<\/strong><\/th><th><strong>20 Go par mois<\/strong><\/th><th><strong>50 Go par mois<\/strong><\/th><\/tr><\/thead><tbody><tr><td><strong>Navigation web<\/strong><\/td><td>1 heure par jour<\/td><td>2 heures par jour<\/td><td>5 heures par jour<\/td><\/tr><tr><td><strong>R\u00e9seaux sociaux<\/strong><\/td><td>1 heure par jour<\/td><td>2 heures par jour<\/td><td>5 heures par jour<\/td><\/tr><tr><td><strong>Streaming vid\u00e9o YouTube (qualit\u00e9 standard)<\/strong><\/td><td>30 minutes par jour<\/td><td>1 heure par jour<\/td><td>2 heures par jour<\/td><\/tr><tr><td><strong>Streaming musical<\/strong><\/td><td>1 heure par jour<\/td><td>2 heures par jour<\/td><td>5 heures par jour<\/td><\/tr><tr><td><strong>Appels vid\u00e9o (Zoom, Skype)<\/strong><\/td><td>30 minutes par jour<\/td><td>1 heure par jour<\/td><td>2 heures par jour<\/td><\/tr><tr><td><strong>T\u00e9l\u00e9chargements d&rsquo;applications<\/strong><\/td><td>50 Mo par jour<\/td><td>100 Mo par jour<\/td><td>250 Mo par jour<\/td><\/tr><tr><td><strong>Emails (sans pi\u00e8ces jointes)<\/strong><\/td><td>100 emails par jour<\/td><td>200 emails par jour<\/td><td>500 emails par jour<\/td><\/tr><\/tbody><\/table><\/figure>\n\n\n\n<h3 class=\"wp-block-heading\">D\u00e9tails des Utilisations<\/h3>\n\n\n\n<ul class=\"wp-block-list\">\n<li><strong>Navigation web<\/strong> : Environ 50 Mo par heure<\/li>\n\n\n\n<li><strong>R\u00e9seaux sociaux<\/strong> : Environ 100 Mo par heure<\/li>\n\n\n\n<li><strong>Streaming vid\u00e9o YouTube (qualit\u00e9 standard)<\/strong> : Environ 700 Mo par heure<\/li>\n\n\n\n<li><strong>Streaming musical<\/strong> : Environ 70 Mo par heure<\/li>\n\n\n\n<li><strong>Appels vid\u00e9o (Zoom, Skype)<\/strong> : Environ 500 Mo par heure<\/li>\n\n\n\n<li><strong>T\u00e9l\u00e9chargements d&rsquo;applications<\/strong> : Varie, environ 50-100 Mo par jour en moyenne<\/li>\n\n\n\n<li><strong>Emails (sans pi\u00e8ces jointes)<\/strong> : Environ 10 Ko par email<\/li>\n<\/ul>\n\n\n\n<h3 class=\"wp-block-heading\">R\u00e9sum\u00e9 des Utilisations Possibles<\/h3>\n\n\n\n<ul class=\"wp-block-list\">\n<li><strong>10 Go par mois<\/strong> : Convient pour une utilisation mod\u00e9r\u00e9e d&rsquo;internet et des r\u00e9seaux sociaux, avec un peu de streaming vid\u00e9o et musical.<\/li>\n\n\n\n<li><strong>20 Go par mois<\/strong> : Convient pour une utilisation quotidienne plus intensive, y compris plusieurs heures de r\u00e9seaux sociaux et de streaming.<\/li>\n\n\n\n<li><strong>50 Go par mois<\/strong> : Id\u00e9al pour une utilisation tr\u00e8s intensive, y compris du streaming vid\u00e9o quotidien, des appels vid\u00e9o fr\u00e9quents, et des t\u00e9l\u00e9chargements r\u00e9guliers.<\/li>\n<\/ul>\n\n\n\n<p>Ce tableau vous aide \u00e0 visualiser comment vous pourriez r\u00e9partir votre utilisation de donn\u00e9es avec diff\u00e9rentes cartes SIM. En fonction de vos besoins sp\u00e9cifiques, vous pouvez choisir le forfait qui correspond le mieux \u00e0 votre consommation pr\u00e9vue pendant votre voyage.<\/p>\n","protected":false},"excerpt":{"rendered":"<p>Voici un tableau comparatif des cartes SIM avec des forfaits de 10 Go, 20 Go et 50 Go de donn\u00e9es, montrant ce que chaque quantit\u00e9 de donn\u00e9es permettrait en termes d&rsquo;utilisation typique : Utilisation 10 Go par mois 20 Go par mois 50 Go par mois Navigation web 1 heure par jour 2 heures par &hellip; <\/p>\n<p class=\"link-more\"><a href=\"https:\/\/cartesimjapon.com\/index.php\/comparaison-dutilisations-des-cartes-sim\/\" class=\"more-link\">Lire la suite de<span class=\"screen-reader-text\">\u00ab\u00a0Exemples d&rsquo;utilisations des cartes SIM sur 30 jours\u00a0\u00bb<\/span><\/a><\/p>\n","protected":false},"author":1,"featured_media":0,"parent":0,"menu_order":0,"comment_status":"closed","ping_status":"closed","template":"","meta":{"inspiro_hide_title":false,"footnotes":""},"class_list":["post-162","page","type-page","status-publish","hentry"],"yoast_head":"<!-- This site is optimized with the Yoast SEO plugin v27.5 - https:\/\/yoast.com\/product\/yoast-seo-wordpress\/ -->\n<title>Exemples d&#039;utilisations des cartes SIM sur 30 jours - Carte Sim Japon<\/title>\n<meta name=\"robots\" content=\"index, follow, max-snippet:-1, max-image-preview:large, max-video-preview:-1\" \/>\n<link rel=\"canonical\" href=\"https:\/\/cartesimjapon.com\/index.php\/comparaison-dutilisations-des-cartes-sim\/\" \/>\n<meta property=\"og:locale\" content=\"fr_FR\" \/>\n<meta property=\"og:type\" content=\"article\" \/>\n<meta property=\"og:title\" content=\"Exemples d&#039;utilisations des cartes SIM sur 30 jours - Carte Sim Japon\" \/>\n<meta property=\"og:description\" content=\"Voici un tableau comparatif des cartes SIM avec des forfaits de 10 Go, 20 Go et 50 Go de donn\u00e9es, montrant ce que chaque quantit\u00e9 de donn\u00e9es permettrait en termes d&rsquo;utilisation typique : Utilisation 10 Go par mois 20 Go par mois 50 Go par mois Navigation web 1 heure par jour 2 heures par &hellip; Lire la suite de\u00ab\u00a0Exemples d&rsquo;utilisations des cartes SIM sur 30 jours\u00a0\u00bb\" \/>\n<meta property=\"og:url\" content=\"https:\/\/cartesimjapon.com\/index.php\/comparaison-dutilisations-des-cartes-sim\/\" \/>\n<meta property=\"og:site_name\" content=\"Carte Sim Japon\" \/>\n<meta property=\"article:modified_time\" content=\"2024-05-20T01:20:34+00:00\" \/>\n<meta name=\"twitter:card\" content=\"summary_large_image\" \/>\n<meta name=\"twitter:label1\" content=\"Dur\u00e9e de lecture estim\u00e9e\" \/>\n\t<meta name=\"twitter:data1\" content=\"2 minutes\" \/>\n<script type=\"application\/ld+json\" class=\"yoast-schema-graph\">{\"@context\":\"https:\\\/\\\/schema.org\",\"@graph\":[{\"@type\":\"WebPage\",\"@id\":\"https:\\\/\\\/cartesimjapon.com\\\/index.php\\\/comparaison-dutilisations-des-cartes-sim\\\/\",\"url\":\"https:\\\/\\\/cartesimjapon.com\\\/index.php\\\/comparaison-dutilisations-des-cartes-sim\\\/\",\"name\":\"Exemples d'utilisations des cartes SIM sur 30 jours - Carte Sim Japon\",\"isPartOf\":{\"@id\":\"https:\\\/\\\/cartesimjapon.com\\\/#website\"},\"datePublished\":\"2024-05-20T00:33:19+00:00\",\"dateModified\":\"2024-05-20T01:20:34+00:00\",\"breadcrumb\":{\"@id\":\"https:\\\/\\\/cartesimjapon.com\\\/index.php\\\/comparaison-dutilisations-des-cartes-sim\\\/#breadcrumb\"},\"inLanguage\":\"fr-FR\",\"potentialAction\":[{\"@type\":\"ReadAction\",\"target\":[\"https:\\\/\\\/cartesimjapon.com\\\/index.php\\\/comparaison-dutilisations-des-cartes-sim\\\/\"]}]},{\"@type\":\"BreadcrumbList\",\"@id\":\"https:\\\/\\\/cartesimjapon.com\\\/index.php\\\/comparaison-dutilisations-des-cartes-sim\\\/#breadcrumb\",\"itemListElement\":[{\"@type\":\"ListItem\",\"position\":1,\"name\":\"Accueil\",\"item\":\"https:\\\/\\\/cartesimjapon.com\\\/\"},{\"@type\":\"ListItem\",\"position\":2,\"name\":\"Exemples d&#8217;utilisations des cartes SIM sur 30 jours\"}]},{\"@type\":\"WebSite\",\"@id\":\"https:\\\/\\\/cartesimjapon.com\\\/#website\",\"url\":\"https:\\\/\\\/cartesimjapon.com\\\/\",\"name\":\"Carte Sim Japon\",\"description\":\"Recevez votre carte sim pour le Japon \u00e0 domicile\",\"publisher\":{\"@id\":\"https:\\\/\\\/cartesimjapon.com\\\/#organization\"},\"potentialAction\":[{\"@type\":\"SearchAction\",\"target\":{\"@type\":\"EntryPoint\",\"urlTemplate\":\"https:\\\/\\\/cartesimjapon.com\\\/?s={search_term_string}\"},\"query-input\":{\"@type\":\"PropertyValueSpecification\",\"valueRequired\":true,\"valueName\":\"search_term_string\"}}],\"inLanguage\":\"fr-FR\"},{\"@type\":\"Organization\",\"@id\":\"https:\\\/\\\/cartesimjapon.com\\\/#organization\",\"name\":\"Carte Sim Japon\",\"url\":\"https:\\\/\\\/cartesimjapon.com\\\/\",\"logo\":{\"@type\":\"ImageObject\",\"inLanguage\":\"fr-FR\",\"@id\":\"https:\\\/\\\/cartesimjapon.com\\\/#\\\/schema\\\/logo\\\/image\\\/\",\"url\":\"https:\\\/\\\/cartesimjapon.com\\\/wp-content\\\/uploads\\\/2024\\\/05\\\/cropped-Transparent.png\",\"contentUrl\":\"https:\\\/\\\/cartesimjapon.com\\\/wp-content\\\/uploads\\\/2024\\\/05\\\/cropped-Transparent.png\",\"width\":3525,\"height\":2893,\"caption\":\"Carte Sim Japon\"},\"image\":{\"@id\":\"https:\\\/\\\/cartesimjapon.com\\\/#\\\/schema\\\/logo\\\/image\\\/\"},\"sameAs\":[\"https:\\\/\\\/www.youtube.com\\\/@CarteSimJapon\",\"https:\\\/\\\/www.tiktok.com\\\/@cartesimjapon\",\"https:\\\/\\\/www.instagram.com\\\/carte_sim_japon\\\/\",\"https:\\\/\\\/www.facebook.com\\\/profile.php?id=61560788565180\"]}]}<\/script>\n<!-- \/ Yoast SEO plugin. -->","yoast_head_json":{"title":"Exemples d'utilisations des cartes SIM sur 30 jours - Carte Sim Japon","robots":{"index":"index","follow":"follow","max-snippet":"max-snippet:-1","max-image-preview":"max-image-preview:large","max-video-preview":"max-video-preview:-1"},"canonical":"https:\/\/cartesimjapon.com\/index.php\/comparaison-dutilisations-des-cartes-sim\/","og_locale":"fr_FR","og_type":"article","og_title":"Exemples d'utilisations des cartes SIM sur 30 jours - Carte Sim Japon","og_description":"Voici un tableau comparatif des cartes SIM avec des forfaits de 10 Go, 20 Go et 50 Go de donn\u00e9es, montrant ce que chaque quantit\u00e9 de donn\u00e9es permettrait en termes d&rsquo;utilisation typique : Utilisation 10 Go par mois 20 Go par mois 50 Go par mois Navigation web 1 heure par jour 2 heures par &hellip; Lire la suite de\u00ab\u00a0Exemples d&rsquo;utilisations des cartes SIM sur 30 jours\u00a0\u00bb","og_url":"https:\/\/cartesimjapon.com\/index.php\/comparaison-dutilisations-des-cartes-sim\/","og_site_name":"Carte Sim Japon","article_modified_time":"2024-05-20T01:20:34+00:00","twitter_card":"summary_large_image","twitter_misc":{"Dur\u00e9e de lecture estim\u00e9e":"2 minutes"},"schema":{"@context":"https:\/\/schema.org","@graph":[{"@type":"WebPage","@id":"https:\/\/cartesimjapon.com\/index.php\/comparaison-dutilisations-des-cartes-sim\/","url":"https:\/\/cartesimjapon.com\/index.php\/comparaison-dutilisations-des-cartes-sim\/","name":"Exemples d'utilisations des cartes SIM sur 30 jours - Carte Sim Japon","isPartOf":{"@id":"https:\/\/cartesimjapon.com\/#website"},"datePublished":"2024-05-20T00:33:19+00:00","dateModified":"2024-05-20T01:20:34+00:00","breadcrumb":{"@id":"https:\/\/cartesimjapon.com\/index.php\/comparaison-dutilisations-des-cartes-sim\/#breadcrumb"},"inLanguage":"fr-FR","potentialAction":[{"@type":"ReadAction","target":["https:\/\/cartesimjapon.com\/index.php\/comparaison-dutilisations-des-cartes-sim\/"]}]},{"@type":"BreadcrumbList","@id":"https:\/\/cartesimjapon.com\/index.php\/comparaison-dutilisations-des-cartes-sim\/#breadcrumb","itemListElement":[{"@type":"ListItem","position":1,"name":"Accueil","item":"https:\/\/cartesimjapon.com\/"},{"@type":"ListItem","position":2,"name":"Exemples d&#8217;utilisations des cartes SIM sur 30 jours"}]},{"@type":"WebSite","@id":"https:\/\/cartesimjapon.com\/#website","url":"https:\/\/cartesimjapon.com\/","name":"Carte Sim Japon","description":"Recevez votre carte sim pour le Japon \u00e0 domicile","publisher":{"@id":"https:\/\/cartesimjapon.com\/#organization"},"potentialAction":[{"@type":"SearchAction","target":{"@type":"EntryPoint","urlTemplate":"https:\/\/cartesimjapon.com\/?s={search_term_string}"},"query-input":{"@type":"PropertyValueSpecification","valueRequired":true,"valueName":"search_term_string"}}],"inLanguage":"fr-FR"},{"@type":"Organization","@id":"https:\/\/cartesimjapon.com\/#organization","name":"Carte Sim Japon","url":"https:\/\/cartesimjapon.com\/","logo":{"@type":"ImageObject","inLanguage":"fr-FR","@id":"https:\/\/cartesimjapon.com\/#\/schema\/logo\/image\/","url":"https:\/\/cartesimjapon.com\/wp-content\/uploads\/2024\/05\/cropped-Transparent.png","contentUrl":"https:\/\/cartesimjapon.com\/wp-content\/uploads\/2024\/05\/cropped-Transparent.png","width":3525,"height":2893,"caption":"Carte Sim Japon"},"image":{"@id":"https:\/\/cartesimjapon.com\/#\/schema\/logo\/image\/"},"sameAs":["https:\/\/www.youtube.com\/@CarteSimJapon","https:\/\/www.tiktok.com\/@cartesimjapon","https:\/\/www.instagram.com\/carte_sim_japon\/","https:\/\/www.facebook.com\/profile.php?id=61560788565180"]}]}},"jetpack_sharing_enabled":true,"_links":{"self":[{"href":"https:\/\/cartesimjapon.com\/index.php\/wp-json\/wp\/v2\/pages\/162","targetHints":{"allow":["GET"]}}],"collection":[{"href":"https:\/\/cartesimjapon.com\/index.php\/wp-json\/wp\/v2\/pages"}],"about":[{"href":"https:\/\/cartesimjapon.com\/index.php\/wp-json\/wp\/v2\/types\/page"}],"author":[{"embeddable":true,"href":"https:\/\/cartesimjapon.com\/index.php\/wp-json\/wp\/v2\/users\/1"}],"replies":[{"embeddable":true,"href":"https:\/\/cartesimjapon.com\/index.php\/wp-json\/wp\/v2\/comments?post=162"}],"version-history":[{"count":3,"href":"https:\/\/cartesimjapon.com\/index.php\/wp-json\/wp\/v2\/pages\/162\/revisions"}],"predecessor-version":[{"id":170,"href":"https:\/\/cartesimjapon.com\/index.php\/wp-json\/wp\/v2\/pages\/162\/revisions\/170"}],"wp:attachment":[{"href":"https:\/\/cartesimjapon.com\/index.php\/wp-json\/wp\/v2\/media?parent=162"}],"curies":[{"name":"wp","href":"https:\/\/api.w.org\/{rel}","templated":true}]}}